st common factor of 709856 and 252.
28
Calculate the highest common factor of 355636 and 134.
134
What is the greatest common divisor of 4 and 26352?
4
What is the highest common factor of 107560 and 80?
40
What is the greatest common divisor of 559012 and 2?
2
Calculate the greatest common divisor of 2835 and 297.
27
What is the highest common factor of 148 and 5144332?
148
Calculate the highest common divisor of 691 and 282619.
691
What is the greatest common divisor of 184 and 134941?
23
Calculate the highest common factor of 481 and 633958.
481
What is the greatest common factor of 184734 and 54?
54
Calculate the greatest common divisor of 695596 and 33.
11
Calculate the highest common factor of 6305 and 7930.
65
What is the highest common divisor of 17075 and 48493?
683
Calculate the greatest common factor of 150 and 44425.
25
Calculate the highest common factor of 19 and 11544761.
19
What is the highest common divisor of 444 and 608?
4
Calculate the greatest common factor of 767 and 21535.
59
Calculate the highest common factor of 3225 and 41280.
645
Calculate the greatest common factor of 160 and 65344.
32
What is the highest common divisor of 135 and 415?
5
Calculate the highest common divisor of 788788 and 22.
22
Calculate the highest common divisor of 40 and 470740.
20
What is the highest common factor of 2140 and 2440?
20
What is the highest common divisor of 3839986 and 86?
86
What is the greatest common factor of 420 and 537585?
15
Calculate the greatest common divisor of 8464 and 16.
16
Calculate the greatest common factor of 363340 and 222.
74
What is the highest common divisor of 55 and 3399?
11
Calculate the highest common factor of 173317 and 526.
263
What is the greatest common factor of 202 and 262?
2
Calculate the highest common divisor of 368 and 13840.
16
Calculate the highest common divisor of 2388825 and 9.
9
What is the greatest common factor of 1272 and 14204?
212
What is the greatest common divisor of 1 and 18752?
1
What is the highest common factor of 1706 and 98?
2
What is the highest common factor of 22 and 73953?
11
Calculate the greatest common divisor of 262792 and 35096.
856
What is the highest common factor of 770 and 870?
10
What is the greatest common divisor of 8071 and 455?
7
What is the greatest common divisor of 16094 and 65?
13
Calculate the highest common factor of 342 and 20803518.
342
What is the greatest common factor of 5824 and 2821?
91
Calculate the greatest common factor of 4992 and 546.
78
Calculate the highest common divisor of 400 and 609400.
200
What is the greatest common divisor of 25201 and 1595?
319
Calculate the highest common divisor of 1652 and 24612.
28
Calculate the greatest common factor of 1694473 and 22.
11
Calculate the highest common divisor of 666280 and 40.
40
What is the greatest common divisor of 123776 and 416?
32
What is the highest common divisor of 38 and 29317?
19
Calculate the greatest common divisor of 10700 and 36594.
214
Calculate the greatest common factor of 26078 and 374.
34
What is the greatest common divisor of 231 and 8169?
21
Calculate the greatest common factor of 264572 and 2464.
308
What is the highest common divisor of 7068 and 116033?
589
Calculate the greatest common divisor of 59 and 80122.
59
What is the highest common divisor of 18 and 122310?
18
Calculate the greatest common factor of 624 and 19248.
48
Calculate the greatest common divisor of 4202 and 1210.
22
Calculate the highest common factor of 24 and 4594752.
24
What is the highest common divisor of 5295 and 17745?
15
Calculate the highest common factor of 76 and 62544.
4
What is the greatest common divisor of 432138 and 588?
42
Calculate the greatest common divisor of 9519 and 187875.
501
What is the highest common divisor of 3416 and 29064?
56
What is the highest common divisor of 12221 and 707?
101
Calculate the highest common divisor of 1728 and 2196.
36
What is the greatest common factor of 232475 and 850?
425
Calculate the highest common divisor of 58751 and 22.
11
Calculate the greatest common factor of 5291 and 16709.
11
Calculate the highest common divisor of 23628 and 13246.
358
Calculate the highest common factor of 22707 and 174.
87
Calculate the highest common factor of 180 and 147.
3
What is the greatest common divisor of 1179 and 621?
9
What is the highest common divisor of 7965 and 413?
59
Calculate the greatest common factor of 9452 and 4170.
278
What is the greatest common divisor of 18304 and 15860?
52
What is the greatest common factor of 521679 and 159?
159
What is the highest common divisor of 6587 and 1883?
7
What is the greatest common factor of 1929 and 136316?
643
Calculate the greatest common factor of 74 and 439079.
37
Calculate the greatest common factor of 2494 and 14094.
58
What is the highest common divisor of 1292 and 1088?
68
What is the greatest common factor of 2300 and 11408?
92
Calculate the greatest common factor of 147423 and 942.
471
What is the highest common factor of 2172 and 16428?
12
What is the greatest common factor of 27 and 64731?
3
What is the highest common factor of 42 and 255978?
6
What is the greatest common divisor of 798 and 58548?
42
What is the greatest common factor of 30 and 42690?
30
Calculate the highest common factor of 416 and 273936.
208
Calculate the greatest common divisor of 879410 and 28.
14
Calculate the greatest common factor of 16064 and 16.
16
What is the highest common factor of 179578 and 10414?
254
What is the highest common factor of 23807 and 5549?
179
What is the highest common factor of 3780304 and 457?
457
What is the greatest common divisor of 95250 and 4800?
150
Calculate the greatest common factor of 50209 and 6463.
23
Calculate the highest common factor of 9048 and 429.
39
Calculate the highest common divisor of 239799 and 399.
399
What is the greatest common factor of 539953 and 134?
67
What is the highest common factor of 55 and 35596?
11
Calculate the highest common factor of 1585332 and 216.
108
What is the highest common divisor of 356456 and 204?
68
What is the greatest common divisor of 2 and 1352?
2
Calculate the highest common divisor of 14927 and 4554.
253
Calculate the greatest common factor of 737 and 187.
11
What is the highest common divisor of 3926 and 2756?
26
Calculate the greatest common divisor of 3441 and 25715.
37
Calculate the highest common factor of 10537 and 7967.
257
Calculate the greatest common divisor of 4 and 129068.
4
What is the highest common factor of 399 and 621984?
57
Calculate the greatest common divisor of 6103238 and 34.
34
What is the greatest common factor of 96552 and 96?
24
Calculate the highest common divisor of 332 and 624.
4
What is the highest common factor of 4645 and 25?
5
What is the highest common factor of 66 and 93291?
33
Calculate the highest common factor of 6226 and 724480.
566
Calculate the highest common factor of 2294 and 124.
62
What is the highest common divisor of 848 and 3904?
16
Calculate the highest common divisor of 13 and 9807889.
13
What is the highest common factor of 26154 and 324?
18
Calculate the greatest common factor of 27 and 459567.
27
Calculate the highest common divisor of 232 and 5481.
29
Calculate the greatest common factor of 88 and 7370.
22
Calculate the highest common divisor of 143 and 14131.
13
What is the greatest common factor of 203 and 3516163?
203
Calculate the highest common factor of 1326734 and 134.
134
What is the greatest common factor of 1058 and 987643?
529
Calculate the highest common divisor of 280345 and 17025.
1135
What is the highest common factor of 630 and 4270?
70
Calculate the greatest common divisor of 11329760 and 676.
676
What is the highest common divisor of 271 and 76151?
271
What is the greatest common divisor of 221795 and 35?
35
What is the highest common divisor of 767 and 167128?
13
What is the greatest common divisor of 16 and 2004?
4
Calculate the highest common divisor of 68191 and 1406.
703
Calculate the greatest common divisor of 1042 and 8.
2
What is the greatest common divisor of 32349 and 344004?
789
What is the highest common factor of 57448 and 1032?
344
Calculate the highest common factor of 111628 and 440.
44
Calculate the greatest common divisor of 550 and 185150.
50
Calculat